hat is 0 - 3834?
-3834
In base 13, what is -78 + 355b?
34b3
In base 16, what is 546 - 12?
534
In base 3, what is 220211 - 20?
220121
In base 9, what is -2737 - 5?
-2743
In base 16, what is 18014 - 2?
18012
In base 15, what is -22 + 144a?
1428
In base 9, what is -2432 - -1?
-2431
In base 12, what is 1138 - 0?
1138
In base 13, what is -2596 - -1?
-2595
In base 8, what is -313 - 42336?
-42651
In base 5, what is 10124341 + -1?
10124340
In base 15, what is 3 + -3251?
-324d
In base 9, what is 2 - -300345?
300347
In base 16, what is -a + 14ae?
14a4
In base 13, what is 43b88 - -12?
43b9a
In base 8, what is -116 + -122?
-240
In base 13, what is -2c8c7 + 2?
-2c8c5
In base 12, what is 15b7 - -15?
1610
In base 4, what is 2 + -20132120?
-20132112
In base 6, what is -15 + 15104?
15045
In base 4, what is -3 - -2323212303?
2323212300
In base 13, what is -2 + 37899?
37897
In base 4, what is -130022110103 + 10?
-130022110033
In base 12, what is -1a7ab + 6?
-1a7a5
In base 5, what is 23421 + 4?
23430
In base 14, what is -1d92 - 0?
-1d92
In base 13, what is -33b + b64?
826
In base 2, what is -100 - -10111111101000?
10111111100100
In base 8, what is -1153 + 3?
-1150
In base 16, what is -26 + 86d?
847
In base 14, what is -431b + 65?
-4296
In base 10, what is 93 - 115?
-22
In base 14, what is 25813 - -25?
25838
In base 15, what is 69 - -2e6?
360
In base 4, what is 132301131002 - 1?
132301131001
In base 7, what is -12 + 234203?
234161
In base 15, what is 42ce + -72?
425c
In base 14, what is -1 + -29c94?
-29c95
In base 11, what is 85 + 422?
4a7
In base 3, what is -220 - 21010110?
-21011100
In base 5, what is -320 - -104021?
103201
In base 7, what is -32 + -10232?
-10264
In base 7, what is 4355 - 11?
4344
In base 16, what is 59f5e - 3?
59f5b
In base 16, what is -732 - -25?
-70d
In base 9, what is 2 + 5272?
5274
In base 10, what is 2 + 112536?
112538
In base 12, what is -239870 + 2?
-23986a
In base 11, what is 78462 - -2?
78464
In base 16, what is 14 - 39d9d?
-39d89
In base 14, what is 19275 + 5?
1927a
In base 2, what is -1101001110 - -1000011?
-1100001011
In base 4, what is 1 + -10232?
-10231
In base 11, what is -19 - -198?
17a
In base 10, what is 2962 + -468?
2494
In base 15, what is 2d9500 - -4?
2d9504
In base 11, what is 1 - -141984?
141985
In base 3, what is -1101000000 + -10?
-1101000010
In base 10, what is -3701 + -2?
-3703
In base 16, what is -a27 - 19c?
-bc3
In base 12, what is 0 - -44380?
44380
In base 16, what is -1f - 1fd?
-21c
In base 5, what is -2234 + -143?
-2432
In base 10, what is 1 - 15798?
-15797
In base 2, what is -1011000 - 11110001?
-101001001
In base 6, what is 3 + 242002?
242005
In base 2, what is -10011010 + 1111011010?
1101000000
In base 7, what is 2016 + -3?
2013
In base 11, what is -283 - a9?
-381
In base 3, what is 2011022022 + 1?
2011022100
In base 15, what is -332 + 87?
-29a
In base 9, what is -13868 + -105?
-14074
In base 5, what is 2 + -3240234?
-3240232
In base 9, what is -2678 - -7?
-2671
In base 10, what is -1143 + 19?
-1124
In base 5, what is 14 - -13040240?
13040304
In base 6, what is -325500 + 3?
-325453
In base 7, what is 10623 - -51?
11004
In base 3, what is -1 + 12220111100?
12220111022
In base 7, what is 3 + 165132?
165135
In base 13, what is 2a4 + -94?
210
In base 11, what is -26393 + -1?
-26394
In base 5, what is 0 - -10032421?
10032421
In base 2, what is 110 + 1000111110100?
1000111111010
In base 12, what is -988635 - 4?
-988639
In base 15, what is 237 - 1d5?
52
In base 4, what is 21123131 - 1?
21123130
In base 12, what is 0 + -4a35?
-4a35
In base 12, what is -3ab398 - 4?
-3ab3a0
In base 7, what is -2 + 35264?
35262
In base 8, what is -4765253 + -1?
-4765254
In base 4, what is 13320211 - -12?
13320223
In base 5, what is -340 - -44213?
43323
In base 4, what is 2100033 - 3?
2100030
In base 6, what is 203 + -331?
-124
In base 15, what is 9eb + -9?
9e2
In base 9, what is 3864687 + 4?
3864702
In base 4, what is 103 + -232332?
-232223
In base 2, what is 111001010110000 - -110?
111001010110110
In base 10, what is 1712 - 46?
1666
In base 7, what is -1126 - -43?
-1053
In base 12, what is 22 - 1a03?
-19a1
In base 9, what is 8407 - -35?
8443
In base 15, what is 49 - -d4?
12d
In base 13, what is 1247 + -50?
11c7
In base 12, what is -67bb - 0?
-67bb
In base 9, what is -8 - -8371?
8362
In base 16, what is -4 + -29f4?
-29f8
In base 8, what is -35 - 3633?
-3670
In base 12, what is 22bb6a4 - 1?
22bb6a3
In base 12, what is -13 - 9554?
-9567
In base 2, what is 1100011010 + -101100010?
110111000
In base 7, what is -165 + -535?
-1033
In base 2, what is 101 + 1000100001101?
1000100010010
In base 8, what is 22722 - 0?
22722
In base 10, what is 1195 + -3?
1192
In base 4, what is -113 - -23331?
23212
In base 4, what is -12110020 - 10?
-12110030
In base 4, what is -1102222102 + 10?
-1102222032
In base 10, what is -5188 + -15?
-5203
In base 16, what is -11 - -10b2?
10a1
In base 15, what is 499b + 3?
499e
In base 16, what is 1 + 200b3?
200b4
In base 13, what is -1635 - 72?
-16a7
In base 12, what is 36 + 4236?
4270
In base 16, what is -a4 + 40b?
367
In base 12, what is -5 + 364865?
364860
In base 5, what is -311010 + 2212?
-303243
In base 4, what is -2322 - -10320?
1332
In base 4, what is 2 + 10103031?
10103033
In base 16, what is 7 - 2e0b?
-2e04
In base 5, what is -2404330 + 1?
-2404324
In base 16, what is -2ea0e - -7?
-2ea07
In base 15, what is 8307 + 8?
8310
In base 16, what is -20 + -43?
-63
In base 5, what is -32412 + 4?
-32403
In base 13, what is 4 - 54344?
-54340
In base 11, what is -7431 - -6?
-7426
In base 12, what is 137 + a?
145
In base 8, what is -106 + -234?
-342
In base 14, what is 0 - 291c9?
-291c9
In base 16, what is -1af2 - 19?
-1b0b
In base 11, what is 152a2 + 41?
15333
In base 12, what is 61 - -65a?
6bb
In base 15, what is 2 + -5eb35?
-5eb33
In base 6, what is -100 - 120155?
-120255
In base 6, what is -30 - 10451?
-10521
In base 4, what is 221223011 + -11?
221223000
In base 13, what is 35336 + 5?
3533b
In base 3, what is 121000120 - -2?
121000122
In base 11, what is 72513 - -36?
72549
In base 11, what is 318 + 323?
640
In base 13, what is -1a7 + 11a?
-8a
In base 14, what is 1b9a4 - -5?
1b9a9
In base 10, what is 4 + 174727?
174731
In base 15, what is -2 + -3dcd8?
-3dcda
In base 10, what is -1270 + 39?
-1231
In base 6, what is 452002 + -4?
451554
In base 4, what is 1 - 322110?
-322103
In base 14, what is -28 + 1cc6?
1c9c
In base 16, what is -2f + -ce5?
-d14
In base 10, what is 25 + 632?
657
In base 11, what is 29 - 13455?
-13427
In base 10, what is -850720 - 0?
-850720
In base 13, what is 4 - 48b6?
-48b2
In base 2, what is -1010100101100 + 11111?
-1010100001101
In base 10, what is 7 + -9371?
-9364
In base 5, what is 4010044 + 1?
4010100
In base 8, what is -35 - -737?
702
In base 8, what is -21262 + -66?
-21350
In base 2, what is 10000101011 - -1011100?
10010000111
In base 8, what is 133 + 400?
533
In base 6, what is 52 + -115?
-23
In base 4, what is 11 - -2313003?
2313020
In base 5, what is -43 + 10004212?
10004114
In base 11, what is 1430552 + -3?
143054a
In base 8, what is 437 - -1535?
2174
In base 12, what is 506 - -1a?
524
In base 7, what is 141 + -50214?
-50043
In base 4, what is -3 - 1333313?
-1333322
In base 7, what is -152 + -20242?
-20424
In base 15, what is 15 + -2b6?
-2a1
In base 5, what is 123 - -1210?
1333
In base 13, what is 38b3 - -14c?
3a32
In base 16, what is -42 + b67?
b25
In base 14, what is -8 - 3d3?
-3db
In base 10, what is -24 + -714?
-738
In base 4, what is -332010332 - -22?
-332010310
In base 2, what is -101 - -1001001111110?
1001001111001
In base 16, what is 3a - -7c?
b6
In base 13, what is -14236 - 1?
-14237
In base 11, what is 61037 + -1?
61036
In base 11, what is -1 - 50a4?
-50a5
In base 11, what is -8 + -2681?
-2689
In base 7, what is 0 - -251320?
251320
In base 16, what is 2 + -30fc2?
-30fc0
In base 4, what is -13 - -1232222?
1232203
In base 11, what is -5 - -3a01?
39a7
In base 13, what is -19390 - -3?
-1938a
In base 6, what is -21431 + -404?
-22235
In base 8, what is -241742 + 0?
-241742
In base 6, what is -414030 - 101?
-414131
In base 13, what is 1 - 30b5ba?
-30b5b9
In base 15, what is 3a - -687?
6c2
In base 4, what is -2023202 - -11?
-2023131
In base 5, what is -242414 - -21?
-242343
In base 8, what